3
List the prime factors of 902.
2, 11, 41
What are the prime factors of 450?
2, 3, 5
What are the prime factors of 30350?
2, 5, 607
List the prime factors of 1212.
2, 3, 101
List the prime factors of 27315.
3, 5, 607
What are the prime factors of 29411?
29411
What are the prime factors of 61362?
2, 3, 7, 487
List the prime factors of 1862.
2, 7, 19
List the prime factors of 40030.
2, 5, 4003
List the prime factors of 122910.
2, 3, 5, 17, 241
What are the prime factors of 19372?
2, 29, 167
What are the prime factors of 2623?
43, 61
List the prime factors of 2010.
2, 3, 5, 67
What are the prime factors of 24704?
2, 193
List the prime factors of 1647.
3, 61
What are the prime factors of 3098?
2, 1549
What are the prime factors of 50186?
2, 23, 1091
What are the prime factors of 4081?
7, 11, 53
What are the prime factors of 1369?
37
List the prime factors of 320.
2, 5
List the prime factors of 38899.
7, 5557
List the prime factors of 135513.
3, 7, 239
What are the prime factors of 3235?
5, 647
List the prime factors of 3321.
3, 41
What are the prime factors of 355?
5, 71
List the prime factors of 2188.
2, 547
What are the prime factors of 356?
2, 89
What are the prime factors of 10681?
11, 971
What are the prime factors of 3049?
3049
List the prime factors of 1462.
2, 17, 43
List the prime factors of 22595.
5, 4519
What are the prime factors of 39013?
13, 3001
List the prime factors of 1896.
2, 3, 79
What are the prime factors of 58679?
58679
List the prime factors of 2166.
2, 3, 19
List the prime factors of 95.
5, 19
List the prime factors of 5075.
5, 7, 29
List the prime factors of 10957.
10957
List the prime factors of 8346.
2, 3, 13, 107
What are the prime factors of 88372?
2, 22093
List the prime factors of 79866.
2, 3, 17, 29
List the prime factors of 65407.
65407
List the prime factors of 12811.
23, 557
List the prime factors of 3851.
3851
What are the prime factors of 27926?
2, 13963
List the prime factors of 887.
887
What are the prime factors of 8719?
8719
What are the prime factors of 33564?
2, 3, 2797
List the prime factors of 4064.
2, 127
List the prime factors of 7161.
3, 7, 11, 31
What are the prime factors of 46588?
2, 19, 613
What are the prime factors of 2676?
2, 3, 223
What are the prime factors of 1292?
2, 17, 19
List the prime factors of 24481.
24481
What are the prime factors of 23030?
2, 5, 7, 47
List the prime factors of 3224.
2, 13, 31
List the prime factors of 762.
2, 3, 127
What are the prime factors of 13141?
17, 773
List the prime factors of 84007.
7, 11, 1091
What are the prime factors of 72286?
2, 47, 769
List the prime factors of 721.
7, 103
List the prime factors of 3356.
2, 839
What are the prime factors of 28479?
3, 11, 863
List the prime factors of 3034.
2, 37, 41
What are the prime factors of 30154?
2, 15077
What are the prime factors of 1115?
5, 223
What are the prime factors of 2581?
29, 89
List the prime factors of 104698.
2, 11, 4759
What are the prime factors of 10277?
43, 239
List the prime factors of 108287.
108287
What are the prime factors of 111974?
2, 55987
What are the prime factors of 816?
2, 3, 17
What are the prime factors of 3190?
2, 5, 11, 29
What are the prime factors of 507?
3, 13
What are the prime factors of 1516?
2, 379
List the prime factors of 29521.
53, 557
List the prime factors of 25185.
3, 5, 23, 73
What are the prime factors of 8364?
2, 3, 17, 41
List the prime factors of 1904.
2, 7, 17
List the prime factors of 2301.
3, 13, 59
What are the prime factors of 65?
5, 13
What are the prime factors of 3733?
3733
List the prime factors of 447.
3, 149
List the prime factors of 5959.
59, 101
List the prime factors of 3681.
3, 409
List the prime factors of 6587.
7, 941
List the prime factors of 1939.
7, 277
What are the prime factors of 1337?
7, 191
What are the prime factors of 781?
11, 71
List the prime factors of 28515.
3, 5, 1901
What are the prime factors of 23496?
2, 3, 11, 89
What are the prime factors of 6326?
2, 3163
List the prime factors of 5701.
5701
What are the prime factors of 1501?
19, 79
List the prime factors of 114226.
2, 7, 41, 199
List the prime factors of 3168.
2, 3, 11
List the prime factors of 1498.
2, 7, 107
What are the prime factors of 1447?
1447
What are the prime factors of 1378?
2, 13, 53
What are the prime factors of 2794?
2, 11, 127
List the prime factors of 6500.
2, 5, 13
List the prime factors of 1254.
2, 3, 11, 19
List the prime factors of 788.
2, 197
What are the prime factors of 138288?
2, 3, 43, 67
List the prime factors of 1474.
2, 11, 67
What are the prime factors of 31493?
7, 11, 409
What are the prime factors of 655?
5, 131
What are the prime factors of 72?
2, 3
What are the prime factors of 40190?
2, 5, 4019
What are the prime factors of 27679?
89, 311
What are the prime factors of 4864?
2, 19
List the prime factors of 570.
2, 3, 5, 19
List the prime factors of 2762.
2, 1381
List the prime factors of 5528.
2, 691
What are the prime factors of 111274?
2, 23, 41, 59
What are the prime factors of 3542?
2, 7, 11, 23
What are the prime factors of 53431?
7, 17, 449
What are the prime factors of 7474?
2, 37, 101
What are the prime factors of 2866?
2, 1433
What are the prime factors of 82097?
53, 1549
List the prime factors of 1731.
3, 577
List the prime factors of 4211.
4211
List the prime factors of 8833.
11, 73
List the prime factors of 83.
83
What are the prime factors of 410?
2, 5, 41
List the prime factors of 12360.
2, 3, 5, 103
List the prime factors of 1927.
41, 47
What are the prime factors of 2482?
2, 17, 73
What are the prime factors of 718?
2, 359
List the prime factors of 172381.
11, 15671
What are the prime factors of 231?
3, 7, 11
What are the prime factors of 636?
2, 3, 53
What are the prime factors of 2006?
2, 17, 59
List the prime factors of 1033.
1033
What are the prime factors of 1665?
3, 5, 37
What are the prime factors of 5781?
3, 41, 47
List the prime factors of 170596.
2, 42649
List the prime factors of 55592.
2, 6949
List the prime factors of 1023.
3, 11, 31
What are the prime factors of 278?
2, 139
What are the prime factors of 25278?
2, 3, 11, 383
List the prime factors of 13297.
13297
What are the prime factors of 6522?
2, 3, 1087
What are the prime factors of 2132?
2, 13, 41
What are the prime factors of 105838?
2, 52919
List the prime factors of 18983.
41, 463
What are the prime factors of 2876?
2, 719
What are the prime factors of 1901?
1901
List the prime factors of 2123.
11, 193
What are the prime factors of 11403?
3, 7, 181
What are the prime factors of 2240?
2, 5, 7
List the prime factors of 17341.
17341
What are the prime factors of 919?
919
List the prime factors of 3121.
3121
List the prime factors of 17785.
5, 3557
What are the prime factors of 104738?
2, 52369
What are the prime factors of 16431?
3, 5477
List the prime factors of 31362.
2, 3, 5227
What are the prime factors of 4678?
2, 2339
What are the prime factors of 6555?
3, 5, 19, 23
What are the prime factors of 2758?
2, 7, 197
What are the prime factors of 4709?
17, 277
What are the prime factors of 7549?
7549
List the prime factors of 3720.
2, 3, 5, 31
What are the prime factors of 8088?
2, 3, 337
What are the prime factors of 4087?
61, 67
List the prime factors of 17209.
17209
List the prime factors of 14514.
2, 3, 41, 59
List the prime factors of 1747.
1747
What are the prime factors of 11885?
5, 2377
What are the prime factors of 4068?
2, 3, 113
List the prime factors of 3923.
3923
List the prime factors of 20078.
2, 10039
List the prime factors of 257.
257
List the prime factors of 9483.
3, 29, 109
What are the prime factors of 2125?
5, 17
List the prime factors of 804.
2, 3, 67
What are the prime factors of 36987?
3, 12329
What are the prime factors of 477?
3, 53
What are the prime factors of 20005?
5, 4001
What are the prime factors of 3513?
3, 1171
What are the prime factors of 4716?
2, 3, 131
What are the prime factors of 12341?
7, 41, 43
What are the prime factors of 3301?
3301
What are the prime factors of 1621?
1621
List the prime factors of 163025.
5, 6521
What are the prime factors of 16559?
29, 571
What are the prime factors of 7860?
2, 3, 5, 131
What are the prime factors of 3764?
2, 941
List the prime factors of 55955.
5, 19, 31
What are 